{"id":628,"date":"2022-01-19T09:40:52","date_gmt":"2022-01-19T09:40:52","guid":{"rendered":"https:\/\/demo.creativethemes.com\/stagingthree\/?page_id=628"},"modified":"2024-05-12T05:45:34","modified_gmt":"2024-05-11T23:45:34","slug":"noi","status":"publish","type":"page","link":"https:\/\/giuntodesign.com\/index.php\/noi\/","title":{"rendered":"About us"},"content":{"rendered":"\n<figure class=\"wp-block-image alignfull size-large has-custom-border\"><img loading=\"lazy\" decoding=\"async\" width=\"1024\" height=\"437\" src=\"https:\/\/giuntodesign.com\/wp-content\/uploads\/2024\/03\/10-1024x437.jpg\" alt=\"\" class=\"wp-image-692\" style=\"border-style:none;border-width:0px\" srcset=\"https:\/\/giuntodesign.com\/wp-content\/uploads\/2024\/03\/10-1024x437.jpg 1024w, https:\/\/giuntodesign.com\/wp-content\/uploads\/2024\/03\/10-300x128.jpg 300w, https:\/\/giuntodesign.com\/wp-content\/uploads\/2024\/03\/10-768x328.jpg 768w, https:\/\/giuntodesign.com\/wp-content\/uploads\/2024\/03\/10-1536x656.jpg 1536w, https:\/\/giuntodesign.com\/wp-content\/uploads\/2024\/03\/10-2048x875.jpg 2048w, https:\/\/giuntodesign.com\/wp-content\/uploads\/2024\/03\/10-600x256.jpg 600w\" sizes=\"(max-width: 1024px) 100vw, 1024px\" \/><\/figure>\n\n\n\n<div class=\"wp-block-stackable-spacer stk-block-spacer stk--no-padding stk-block stk-c003d22\" data-block-id=\"c003d22\"><style>.stk-c003d22{height:50px !important}@media screen and (max-width:767px){.stk-c003d22{height:20px !important}}<\/style><\/div>\n\n\n\n<div class=\"wp-block-stackable-heading stk-block-heading stk-block-heading--v2 stk-block stk-cc405c3\" id=\"design-studio\" data-block-id=\"cc405c3\"><style>@media screen and (max-width:767px){.stk-cc405c3 .stk-block-heading__text{font-size:25px !important}}<\/style><h2 class=\"stk-block-heading__text has-text-align-center-mobile\">Design Studio<\/h2><\/div>\n\n\n\n<div class=\"wp-block-stackable-columns stk-block-columns stk-block stk-e9fb440\" data-block-id=\"e9fb440\"><style>.stk-e9fb440{margin-bottom:50px !important}.stk-e9fb440-column{--stk-column-gap:30px !important}@media screen and (max-width:767px){.stk-e9fb440{margin-bottom:50px !important}.stk-e9fb440-column{row-gap:25px !important}}<\/style><div class=\"stk-row stk-inner-blocks stk-block-content stk-content-align stk-e9fb440-column\">\n<div class=\"wp-block-stackable-column stk-block-column stk-column stk-block stk-3d0787d\" data-v=\"4\" data-block-id=\"3d0787d\"><style>.stk-3d0787d-container{margin-top:0px !important;margin-right:0px !important;margin-bottom:0px !important;margin-left:0px !important}<\/style><div class=\"stk-column-wrapper stk-block-column__content stk-container stk-3d0787d-container stk--no-background stk--no-padding\"><div class=\"stk-block-content stk-inner-blocks stk-3d0787d-inner-blocks\">\n<div class=\"wp-block-stackable-text stk-block-text stk-block stk-d22a686\" data-block-id=\"d22a686\"><style>@media screen and (max-width:767px){.stk-d22a686 .stk-block-text__text{font-size:13px !important}}<\/style><p class=\"stk-block-text__text has-text-align-justify has-text-align-center-mobile\">Giunto Design nace con la idea de explorar las sensaciones que crea el movimiento en la cotidianidad, tomando inspiraci\u00f3n en el mundo automotriz, la relojeria y el mobiliario de alta gamma, Giunto Design propone la comunicaci\u00f3n de objetos cotidianos con la mecanica, creando piezas artesanales que crean experiencias dinamicas en todos los sentidos. <\/p><\/div>\n<\/div><\/div><\/div>\n\n\n\n<div class=\"wp-block-stackable-column stk-block-column stk-column stk-block stk-ec967e2\" data-v=\"4\" data-block-id=\"ec967e2\"><style>.stk-ec967e2-container{margin-top:0px !important;margin-right:0px !important;margin-bottom:0px !important;margin-left:0px !important}<\/style><div class=\"stk-column-wrapper stk-block-column__content stk-container stk-ec967e2-container stk--no-background stk--no-padding\"><div class=\"stk-block-content stk-inner-blocks stk-ec967e2-inner-blocks\">\n<div class=\"wp-block-stackable-text stk-block-text stk-block stk-9c24568\" data-block-id=\"9c24568\"><style>@media screen and (max-width:767px){.stk-9c24568 .stk-block-text__text{font-size:13px !important}}<\/style><p class=\"stk-block-text__text has-text-align-center-mobile\">La creaci\u00f3n de cada pieza  de Giunto Design procura un desarrollo integral desde la ideaci\u00f3n hasta la concepci\u00f3n, haciendo uso de las tecnologias de control numerico compuratizado y explorando diferentes tecnicas artesanales que en conjunto dan naciemiento a piezas unicas de la m\u00e1s alta calidad.<\/p><\/div>\n<\/div><\/div><\/div>\n<\/div><\/div>\n\n\n\n<div class=\"wp-block-stackable-spacer stk-block-spacer stk--no-padding stk-block stk-0f07c80\" data-block-id=\"0f07c80\"><style>.stk-0f07c80{height:10px !important}@media screen and (max-width:1023px){.stk-0f07c80{height:80px !important}}@media screen and (max-width:767px){.stk-0f07c80{height:20px !important}}<\/style><\/div>\n\n\n\n<div class=\"wp-block-stackable-columns stk-block-columns stk-block stk-23f7d34\" data-block-id=\"23f7d34\"><style>.stk-23f7d34 .stk--block-align-23f7d34{align-items:center !important}.stk-23f7d34{margin-bottom:0px !important}.stk-23f7d34-column{--stk-column-gap:60px !important;row-gap:50px !important}@media screen and (max-width:767px){.stk-23f7d34-column{row-gap:2px !important}}<\/style><div class=\"stk-row stk-inner-blocks stk--block-align-23f7d34 stk-block-content stk-content-align stk-23f7d34-column\">\n<div class=\"wp-block-stackable-column stk-block-column stk-column stk-block stk-f3bdcdd\" data-v=\"4\" data-block-id=\"f3bdcdd\"><style>.stk-f3bdcdd-container{margin-top:0px !important;margin-right:0px !important;margin-bottom:0px !important;margin-left:0px !important}@media screen and (min-width:768px){.stk-f3bdcdd{flex:1 1 calc(55% - var(--stk-column-gap,0px) * 1 \/ 2 ) !important}}@media screen and (min-width:768px) and (max-width:1023px){.stk-f3bdcdd{flex:0 1 calc(100% - var(--stk-column-gap,0px) * 0 \/ 1 ) !important}}<\/style><div class=\"stk-column-wrapper stk-block-column__content stk-container stk-f3bdcdd-container stk--no-background stk--no-padding\"><div class=\"stk-block-content stk-inner-blocks stk-f3bdcdd-inner-blocks\">\n<div class=\"wp-block-stackable-spacer stk-block-spacer stk--no-padding stk-block stk-bb65535\" data-block-id=\"bb65535\"><style>.stk-bb65535{height:5px !important}<\/style><\/div>\n\n\n\n<div class=\"wp-block-stackable-image stk-block-image stk-block stk-28b6467\" data-block-id=\"28b6467\"><style>.stk-28b6467{margin-top:-29px !important}.stk-28b6467 .stk-img-wrapper{height:680px !important}.stk-28b6467 .stk-img-wrapper img{transform:scale(0.89) !important;object-position:50% 56.99999999999999% !important}@media screen and (max-width:1023px){.stk-28b6467{margin-top:-86px !important;margin-bottom:-97px !important}.stk-28b6467 .stk-img-wrapper{height:611px !important}}@media screen and (max-width:767px){.stk-28b6467{margin-top:-36px !important;margin-bottom:-1px !important}.stk-28b6467 .stk-img-wrapper{height:320px !important}}<\/style><figure><a class=\"stk-link\" href=\"https:\/\/giuntodesign.com\/index.php\/gd001\/\"><span class=\"stk-img-wrapper stk-image--shape-stretch\"><img loading=\"lazy\" decoding=\"async\" class=\"stk-img wp-image-913\" src=\"https:\/\/giuntodesign.com\/wp-content\/uploads\/2024\/05\/1_10_1_2-scaled.jpg\" width=\"1907\" height=\"2560\" srcset=\"https:\/\/giuntodesign.com\/wp-content\/uploads\/2024\/05\/1_10_1_2-scaled.jpg 1907w, https:\/\/giuntodesign.com\/wp-content\/uploads\/2024\/05\/1_10_1_2-224x300.jpg 224w, https:\/\/giuntodesign.com\/wp-content\/uploads\/2024\/05\/1_10_1_2-763x1024.jpg 763w, https:\/\/giuntodesign.com\/wp-content\/uploads\/2024\/05\/1_10_1_2-768x1031.jpg 768w, https:\/\/giuntodesign.com\/wp-content\/uploads\/2024\/05\/1_10_1_2-1144x1536.jpg 1144w, https:\/\/giuntodesign.com\/wp-content\/uploads\/2024\/05\/1_10_1_2-1526x2048.jpg 1526w, https:\/\/giuntodesign.com\/wp-content\/uploads\/2024\/05\/1_10_1_2-300x403.jpg 300w, https:\/\/giuntodesign.com\/wp-content\/uploads\/2024\/05\/1_10_1_2-600x805.jpg 600w\" sizes=\"(max-width: 1907px) 100vw, 1907px\" \/><\/span><\/a><\/figure><\/div>\n<\/div><\/div><\/div>\n\n\n\n<div class=\"wp-block-stackable-column stk-block-column stk-column stk-block stk-dba065b\" data-v=\"4\" data-block-id=\"dba065b\"><style>.stk-dba065b-container{margin-top:0px !important;margin-right:0px !important;margin-bottom:0px !important;margin-left:0px !important}@media screen and (min-width:768px){.stk-dba065b{flex:1 1 calc(45% - var(--stk-column-gap,0px) * 1 \/ 2 ) !important}}@media screen and (min-width:768px) and (max-width:1023px){.stk-dba065b{flex:0 1 calc(100% - var(--stk-column-gap,0px) * 0 \/ 1 ) !important}}<\/style><div class=\"stk-column-wrapper stk-block-column__content stk-container stk-dba065b-container stk--no-background stk--no-padding\"><div class=\"stk-block-content stk-inner-blocks stk-dba065b-inner-blocks\">\n<div class=\"wp-block-stackable-heading stk-block-heading stk-block-heading--v2 stk-block stk-c4b959c\" id=\"coleccion-gd-001\" data-block-id=\"c4b959c\"><style>.stk-c4b959c{margin-bottom:10px !important}@media screen and (max-width:767px){.stk-c4b959c{margin-bottom:30px !important}.stk-c4b959c .stk-block-heading__text{font-size:18px !important}}<\/style><h3 class=\"stk-block-heading__text has-text-align-center-tablet\">Colecci\u00f3n GD001<\/h3><\/div>\n\n\n\n<div class=\"wp-block-stackable-text stk-block-text stk-block stk-e388663\" data-block-id=\"e388663\"><style>.stk-e388663{margin-bottom:50px !important}@media screen and (max-width:1023px){.stk-e388663{margin-bottom:19px !important}}@media screen and (max-width:767px){.stk-e388663{margin-bottom:30px !important}.stk-e388663 .stk-block-text__text{font-size:15px !important}}<\/style><p class=\"stk-block-text__text has-text-align-center-tablet\">Para mayor informaci\u00f3n contactanos por nuestros distintos medios<\/p><\/div>\n\n\n\n<div class=\"wp-block-stackable-button-group stk-block-button-group stk-block stk-61a3042\" data-block-id=\"61a3042\"><div class=\"stk-row stk-inner-blocks has-text-align-center-tablet stk-block-content stk-button-group\">\n<div class=\"wp-block-stackable-button stk-block-button stk-block stk-ac49bbf\" data-block-id=\"ac49bbf\"><style>.stk-ac49bbf .stk-button{padding-right:25px !important;padding-left:25px !important}.stk-ac49bbf .stk-button__inner-text{font-size:18px !important}@media screen and (max-width:1023px){.stk-ac49bbf .stk-button__inner-text{font-size:18px !important}}<\/style><a class=\"stk-link stk-button stk--hover-effect-darken\" href=\"https:\/\/giuntodesign.com\/index.php\/contact-us\/\"><span class=\"stk-button__inner-text\">Contacto<\/span><\/a><\/div>\n<\/div><\/div>\n<\/div><\/div><\/div>\n<\/div><\/div>\n\n\n\n<div class=\"wp-block-stackable-spacer stk-block-spacer stk--no-padding stk-block stk-ed9f419\" data-block-id=\"ed9f419\"><style>.stk-ed9f419{height:100px !important}@media screen and (max-width:1023px){.stk-ed9f419{height:80px !important}}<\/style><\/div>\n\n\n\n<div class=\"wp-block-stackable-spacer stk-block-spacer stk--no-padding stk-block stk-3ec9e5f\" data-block-id=\"3ec9e5f\"><style>.stk-3ec9e5f{height:50px !important}<\/style><\/div>\n\n\n\n<p><\/p>\n","protected":false},"excerpt":{"rendered":"<p>Design Studio Giunto Design nace con la idea de explorar las sensaciones que crea el movimiento en la cotidianidad, tomando inspiraci\u00f3n en el mundo automotriz, la relojeria y el mobiliario de alta gamma, Giunto Design propone la comunicaci\u00f3n de objetos cotidianos con la mecanica, creando piezas artesanales que crean experiencias dinamicas en todos los sentidos. [&hellip;]<\/p>\n","protected":false},"author":1,"featured_media":0,"parent":0,"menu_order":0,"comment_status":"closed","ping_status":"closed","template":"","meta":{"footnotes":""},"blocksy_meta":{"styles_descriptor":{"styles":{"desktop":"","tablet":"","mobile":""},"google_fonts":[],"version":6}},"featured_image_urls":{"full":"","thumbnail":"","medium":"","medium_large":"","large":"","1536x1536":"","2048x2048":"","woocommerce_archive_thumbnail":"","woocommerce_thumbnail":"","woocommerce_single":"","woocommerce_gallery_thumbnail":""},"post_excerpt_stackable":"<p>Design Studio Giunto Design nace con la idea de explorar las sensaciones que crea el movimiento en la cotidianidad, tomando inspiraci\u00f3n en el mundo automotriz, la relojeria y el mobiliario de alta gamma, Giunto Design propone la comunicaci\u00f3n de objetos cotidianos con la mecanica, creando piezas artesanales que crean experiencias dinamicas en todos los sentidos. La creaci\u00f3n de cada pieza de Giunto Design procura un desarrollo integral desde la ideaci\u00f3n hasta la concepci\u00f3n, haciendo uso de las tecnologias de control numerico compuratizado y explorando diferentes tecnicas artesanales que en conjunto dan naciemiento a piezas unicas de la m\u00e1s alta calidad.&hellip;<\/p>\n","category_list":"","author_info":{"name":"marcobene75","url":"https:\/\/giuntodesign.com\/index.php\/author\/marcobene75\/"},"comments_num":"0 comentarios","yoast_head":"<!-- This site is optimized with the Yoast SEO plugin v22.5 - https:\/\/yoast.com\/wordpress\/plugins\/seo\/ -->\n<title>About us &#8226; GIUNTO DESIGN<\/title>\n<meta name=\"description\" content=\"Noi\" \/>\n<meta name=\"robots\" content=\"index, follow, max-snippet:-1, max-image-preview:large, max-video-preview:-1\" \/>\n<link rel=\"canonical\" href=\"https:\/\/giuntodesign.com\/index.php\/noi\/\" \/>\n<meta property=\"og:locale\" content=\"es_ES\" \/>\n<meta property=\"og:type\" content=\"article\" \/>\n<meta property=\"og:title\" content=\"About us &#8226; GIUNTO DESIGN\" \/>\n<meta property=\"og:description\" content=\"Noi\" \/>\n<meta property=\"og:url\" content=\"https:\/\/giuntodesign.com\/index.php\/noi\/\" \/>\n<meta property=\"og:site_name\" content=\"GIUNTO DESIGN\" \/>\n<meta property=\"article:modified_time\" content=\"2024-05-11T23:45:34+00:00\" \/>\n<meta property=\"og:image\" content=\"https:\/\/giuntodesign.com\/wp-content\/uploads\/2024\/03\/10-1024x437.jpg\" \/>\n<meta name=\"twitter:card\" content=\"summary_large_image\" \/>\n<meta name=\"twitter:label1\" content=\"Tiempo de lectura\" \/>\n\t<meta name=\"twitter:data1\" content=\"1 minuto\" \/>\n<script type=\"application\/ld+json\" class=\"yoast-schema-graph\">{\"@context\":\"https:\/\/schema.org\",\"@graph\":[{\"@type\":\"WebPage\",\"@id\":\"https:\/\/giuntodesign.com\/index.php\/noi\/\",\"url\":\"https:\/\/giuntodesign.com\/index.php\/noi\/\",\"name\":\"About us &#8226; GIUNTO DESIGN\",\"isPartOf\":{\"@id\":\"https:\/\/giuntodesign.com\/#website\"},\"primaryImageOfPage\":{\"@id\":\"https:\/\/giuntodesign.com\/index.php\/noi\/#primaryimage\"},\"image\":{\"@id\":\"https:\/\/giuntodesign.com\/index.php\/noi\/#primaryimage\"},\"thumbnailUrl\":\"https:\/\/giuntodesign.com\/wp-content\/uploads\/2024\/03\/10-1024x437.jpg\",\"datePublished\":\"2022-01-19T09:40:52+00:00\",\"dateModified\":\"2024-05-11T23:45:34+00:00\",\"description\":\"Noi\",\"breadcrumb\":{\"@id\":\"https:\/\/giuntodesign.com\/index.php\/noi\/#breadcrumb\"},\"inLanguage\":\"es\",\"potentialAction\":[{\"@type\":\"ReadAction\",\"target\":[\"https:\/\/giuntodesign.com\/index.php\/noi\/\"]}]},{\"@type\":\"ImageObject\",\"inLanguage\":\"es\",\"@id\":\"https:\/\/giuntodesign.com\/index.php\/noi\/#primaryimage\",\"url\":\"https:\/\/giuntodesign.com\/wp-content\/uploads\/2024\/03\/10-scaled.jpg\",\"contentUrl\":\"https:\/\/giuntodesign.com\/wp-content\/uploads\/2024\/03\/10-scaled.jpg\",\"width\":2560,\"height\":1094,\"caption\":\"SAMSUNG CSC\"},{\"@type\":\"BreadcrumbList\",\"@id\":\"https:\/\/giuntodesign.com\/index.php\/noi\/#breadcrumb\",\"itemListElement\":[{\"@type\":\"ListItem\",\"position\":1,\"name\":\"Portada\",\"item\":\"https:\/\/giuntodesign.com\/\"},{\"@type\":\"ListItem\",\"position\":2,\"name\":\"About us\"}]},{\"@type\":\"WebSite\",\"@id\":\"https:\/\/giuntodesign.com\/#website\",\"url\":\"https:\/\/giuntodesign.com\/\",\"name\":\"GIUNTO DESIGN\",\"description\":\"Design inspired by movement\",\"publisher\":{\"@id\":\"https:\/\/giuntodesign.com\/#organization\"},\"potentialAction\":[{\"@type\":\"SearchAction\",\"target\":{\"@type\":\"EntryPoint\",\"urlTemplate\":\"https:\/\/giuntodesign.com\/?s={search_term_string}\"},\"query-input\":\"required name=search_term_string\"}],\"inLanguage\":\"es\"},{\"@type\":\"Organization\",\"@id\":\"https:\/\/giuntodesign.com\/#organization\",\"name\":\"GIUNTO DESIGN\",\"url\":\"https:\/\/giuntodesign.com\/\",\"logo\":{\"@type\":\"ImageObject\",\"inLanguage\":\"es\",\"@id\":\"https:\/\/giuntodesign.com\/#\/schema\/logo\/image\/\",\"url\":\"https:\/\/giuntodesign.com\/wp-content\/uploads\/2024\/04\/cropped-Giunto_DesignCuadrato.png\",\"contentUrl\":\"https:\/\/giuntodesign.com\/wp-content\/uploads\/2024\/04\/cropped-Giunto_DesignCuadrato.png\",\"width\":512,\"height\":512,\"caption\":\"GIUNTO DESIGN\"},\"image\":{\"@id\":\"https:\/\/giuntodesign.com\/#\/schema\/logo\/image\/\"}}]}<\/script>\n<!-- \/ Yoast SEO plugin. -->","yoast_head_json":{"title":"About us &#8226; GIUNTO DESIGN","description":"Noi","robots":{"index":"index","follow":"follow","max-snippet":"max-snippet:-1","max-image-preview":"max-image-preview:large","max-video-preview":"max-video-preview:-1"},"canonical":"https:\/\/giuntodesign.com\/index.php\/noi\/","og_locale":"es_ES","og_type":"article","og_title":"About us &#8226; GIUNTO DESIGN","og_description":"Noi","og_url":"https:\/\/giuntodesign.com\/index.php\/noi\/","og_site_name":"GIUNTO DESIGN","article_modified_time":"2024-05-11T23:45:34+00:00","og_image":[{"url":"https:\/\/giuntodesign.com\/wp-content\/uploads\/2024\/03\/10-1024x437.jpg"}],"twitter_card":"summary_large_image","twitter_misc":{"Tiempo de lectura":"1 minuto"},"schema":{"@context":"https:\/\/schema.org","@graph":[{"@type":"WebPage","@id":"https:\/\/giuntodesign.com\/index.php\/noi\/","url":"https:\/\/giuntodesign.com\/index.php\/noi\/","name":"About us &#8226; GIUNTO DESIGN","isPartOf":{"@id":"https:\/\/giuntodesign.com\/#website"},"primaryImageOfPage":{"@id":"https:\/\/giuntodesign.com\/index.php\/noi\/#primaryimage"},"image":{"@id":"https:\/\/giuntodesign.com\/index.php\/noi\/#primaryimage"},"thumbnailUrl":"https:\/\/giuntodesign.com\/wp-content\/uploads\/2024\/03\/10-1024x437.jpg","datePublished":"2022-01-19T09:40:52+00:00","dateModified":"2024-05-11T23:45:34+00:00","description":"Noi","breadcrumb":{"@id":"https:\/\/giuntodesign.com\/index.php\/noi\/#breadcrumb"},"inLanguage":"es","potentialAction":[{"@type":"ReadAction","target":["https:\/\/giuntodesign.com\/index.php\/noi\/"]}]},{"@type":"ImageObject","inLanguage":"es","@id":"https:\/\/giuntodesign.com\/index.php\/noi\/#primaryimage","url":"https:\/\/giuntodesign.com\/wp-content\/uploads\/2024\/03\/10-scaled.jpg","contentUrl":"https:\/\/giuntodesign.com\/wp-content\/uploads\/2024\/03\/10-scaled.jpg","width":2560,"height":1094,"caption":"SAMSUNG CSC"},{"@type":"BreadcrumbList","@id":"https:\/\/giuntodesign.com\/index.php\/noi\/#breadcrumb","itemListElement":[{"@type":"ListItem","position":1,"name":"Portada","item":"https:\/\/giuntodesign.com\/"},{"@type":"ListItem","position":2,"name":"About us"}]},{"@type":"WebSite","@id":"https:\/\/giuntodesign.com\/#website","url":"https:\/\/giuntodesign.com\/","name":"GIUNTO DESIGN","description":"Design inspired by movement","publisher":{"@id":"https:\/\/giuntodesign.com\/#organization"},"potentialAction":[{"@type":"SearchAction","target":{"@type":"EntryPoint","urlTemplate":"https:\/\/giuntodesign.com\/?s={search_term_string}"},"query-input":"required name=search_term_string"}],"inLanguage":"es"},{"@type":"Organization","@id":"https:\/\/giuntodesign.com\/#organization","name":"GIUNTO DESIGN","url":"https:\/\/giuntodesign.com\/","logo":{"@type":"ImageObject","inLanguage":"es","@id":"https:\/\/giuntodesign.com\/#\/schema\/logo\/image\/","url":"https:\/\/giuntodesign.com\/wp-content\/uploads\/2024\/04\/cropped-Giunto_DesignCuadrato.png","contentUrl":"https:\/\/giuntodesign.com\/wp-content\/uploads\/2024\/04\/cropped-Giunto_DesignCuadrato.png","width":512,"height":512,"caption":"GIUNTO DESIGN"},"image":{"@id":"https:\/\/giuntodesign.com\/#\/schema\/logo\/image\/"}}]}},"_links":{"self":[{"href":"https:\/\/giuntodesign.com\/index.php\/wp-json\/wp\/v2\/pages\/628"}],"collection":[{"href":"https:\/\/giuntodesign.com\/index.php\/wp-json\/wp\/v2\/pages"}],"about":[{"href":"https:\/\/giuntodesign.com\/index.php\/wp-json\/wp\/v2\/types\/page"}],"author":[{"embeddable":true,"href":"https:\/\/giuntodesign.com\/index.php\/wp-json\/wp\/v2\/users\/1"}],"replies":[{"embeddable":true,"href":"https:\/\/giuntodesign.com\/index.php\/wp-json\/wp\/v2\/comments?post=628"}],"version-history":[{"count":34,"href":"https:\/\/giuntodesign.com\/index.php\/wp-json\/wp\/v2\/pages\/628\/revisions"}],"predecessor-version":[{"id":1021,"href":"https:\/\/giuntodesign.com\/index.php\/wp-json\/wp\/v2\/pages\/628\/revisions\/1021"}],"wp:attachment":[{"href":"https:\/\/giuntodesign.com\/index.php\/wp-json\/wp\/v2\/media?parent=628"}],"curies":[{"name":"wp","href":"https:\/\/api.w.org\/{rel}","templated":true}]}}